(5). Calculate the greatest common factor of s and c.
10
Suppose 6*l - 2*l = -168. Let c be l/(-11) - 6/(-33). Calculate the highest common divisor of c and 1.
1
Let s = -45 + 68. Let y = 35 - s. Calculate the greatest common factor of y and 30.
6
Suppose -20 - 34 = 3*z. Let j be (-78)/z + (-4)/(-6). What is the greatest common divisor of j and 40?
5
Let q be 2/4 - 3/2. Let n(u) = -14*u**3 + 2*u**2 + u. Let x be n(q). Calculate the highest common divisor of x and 165.
15
Let i = 8 - 3. Suppose -i*c = -2 + 7. Let j = c + 13. Calculate the highest common factor of 48 and j.
12
Suppose -2*j = -3*h + 90, 3*h - 61 = -5*j + 8. What is the highest common factor of h and 14?
14
Let n(a) = -3*a**3 + 49*a**2 - 8*a - 16. Let s be n(16). Calculate the greatest common divisor of 16 and s.
16
Let p = 105 + -55. Suppose -4*j + 2*j = -p. Calculate the greatest common factor of 50 and j.
25
Let i(v) = -12*v + 4. Let x(g) = -1. Let d(u) = i(u) + 8*x(u). Let r be d(-5). What is the highest common factor of 7 and r?
7
Suppose -4*g = g + 10. Let u be g*((-6)/(-2))/(-3). Suppose u*l = -4*z + 46, 2*z - 2*l - 2*l = -2. Calculate the highest common divisor of 63 and z.
9
Let n(p) = -22*p. Let x be n(-2). Suppose 5*z - 192 = -4*d, -4*z - 2*d - x = -5*z. What is the greatest common factor of 5 and z?
5
Suppose -538 = -9*a + 182. What is the greatest common divisor of a and 32?
16
Suppose -j + 8 + 9 = 0. What is the highest common divisor of j and 102?
17
Let g = 4 - 3. Let n(q) = -q**3 + 3*q**2 + 3. Let x(o) = o + 17. Let c be x(-14). Let w be n(c). Calculate the greatest common divisor of g and w.
1
Suppose 0 = 26*g - 423 - 2749. What is the highest common factor of 61 and g?
61
Let c = -2 - -5. What is the highest common factor of c and 27?
3
Suppose 3*z - 2*m + m - 345 = 0, 4*m - 128 = -z. Let s = 200 - z. What is the greatest common divisor of s and 12?
12
Suppose 3*z = -2 + 17. Suppose 1199 = 4*p - c, z*p = -3*c + 105 + 1398. Let k = -170 + p. Calculate the highest common divisor of 13 and k.
13
Let r(l) = 0*l + 2*l**2 + 2 - 7 - 7*l. Let b be r(7). What is the highest common divisor of 11 and b?
11
Let d be 1/3 + 4/6. Let i be 2 - (d + -1) - 2. Suppose i = -y + 2*y - 7. What is the greatest common factor of 7 and y?
7
Suppose -4*d = -8*d + 20. Let p be (-137)/(-5) + (-2)/d. What is the greatest common divisor of 9 and p?
9
Let x = 37 - 21. Calculate the greatest common divisor of 112 and x.
16
Let i(c) = c**2 + 3*c - 4. Let h be i(5). Suppose x - 42 = -4*a, -x = -0*x + 5*a - 39. What is the highest common factor of x and h?
18
Let c(h) = -28*h. Suppose 0 = -2*w + 4, 2*j = 5*j - 5*w - 11. Let p = j - 9. Let s be c(p). Calculate the highest common factor of 8 and s.
8
Let m = -8 - -14. Suppose -m + 18 = 4*z, -3*h + 45 = 3*z. Calculate the greatest common divisor of 48 and h.
12
Suppose -l - 1 = -6. Suppose -l*s = -2*b + 56, 0*b + s = -2*b + 44. Calculate the highest common factor of 138 and b.
23
Let w be 29 + 0 - (-1)/(-1). Let g = -13 + 17. What is the greatest common factor of g and w?
4
Suppose -3*u + 62 = x, 4*x - 49 - 47 = -4*u. Suppose -6*z + 783 - 99 = 0. Calculate the highest common factor of u and z.
19
Suppose 2*g - 45 = -13. Let i = 24 + -20. Calculate the greatest common divisor of i and g.
4
Let j(y) = y**2 - 5*y + 1. Suppose -35 = -3*g - 4*t, 0 = -2*g - 0*g + 4*t - 10. Let h be j(g). Calculate the highest common factor of h and 8.
1
Suppose n - 208 = -j, -10*j + 8*j - 3*n = -416. Suppose -2*r = -r - 26. What is the greatest common divisor of j and r?
26
Suppose 6*l = l + 20. Suppose 2*s + k = -k + l, s - 11 = 2*k. Calculate the greatest common divisor of 55 and s.
5
Suppose -5*b - 21 = -3*o, 3 = b - 0*b. Let g = 71 + 61. Calculate the highest common factor of o and g.
12
Let r(i) = -i**3 - 16*i**2 + 17*i + 6. Let v be r(-17). Let a be (9 - v/(-3))*9. Calculate the greatest common factor of 33 and a.
33
Let n = 9 - 6. Let g be (-1 + n)*(-15)/(-2). Suppose -5*s + 28 + g = 4*c, -3*c - 5*s = -31. Calculate the highest common factor of 96 and c.
12
Let k be 132/21 + 4/(-14). Let r = 11 - k. Let p(h) = -h**3 + 5*h**2 + 3*h - 5. Let a be p(r). What is the highest common divisor of a and 70?
10
Let w(r) = 13*r + 2. Let x(t) = -7*t - 1. Let m(c) = 4*w(c) + 7*x(c). Let h be m(6). What is the greatest common divisor of h and 76?
19
Let y(j) = -2*j**3 - 3*j**2 - j - 2. Let r be y(-3). Calculate the greatest common factor of r and 224.
28
Suppose -2*i + 12 + 28 = 0. Let n be (-4)/i*2*-450. What is the greatest common divisor of n and 20?
20
Let a be ((-10)/4 - -2)*6. Let l(h) = 4*h**2 + 3*h - 3. Let p be l(a). Calculate the greatest common factor of p and 4.
4
Let i(d) = -2*d + 6. Let a be i(-3). Let y be 2/4 + 35/14. Suppose y*z = -z + 32. Calculate the highest common divisor of z and a.
4
Suppose 19*g - 20 = 14*g. What is the greatest common factor of g and 12?
4
Let s = 9 + 1. Let l be (-2)/(-4) + 5/(-2). Let i(b) = -4*b**3 - 2*b**2 + 1. Let t be i(l). Calculate the highest common factor of t and s.
5
Let c be 14/18 + 2/9. Let v be (4/(-2) + 2)*1. Suppose v*x = 5*x - 40. Calculate the highest common divisor of c and x.
1
Let g = 2 + -2. Suppose k - 5*i + 3 = g, -18 = -2*k - 3*i + i. Suppose 0 = -k*o + 3*o + 72. Calculate the greatest common divisor of o and 45.
9
Suppose -5*o + 55 = -3*y, o - 6*y + 3*y + 1 = 0. Calculate the greatest common factor of 84 and o.
14
Suppose 2*p + 10 = l, -3*p = 3*l - 0*p - 30. What is the highest common factor of 50 and l?
10
Suppose 0 = p - 30 + 2. Suppose 2*r + o = 10, 2*o - 23 = -3*r - 7. What is the highest common factor of p and r?
4
Suppose 94 = 5*v - 126. Calculate the highest common divisor of v and 33.
11
Let d(w) = -5 - w + w + 3*w - 2. Let h be d(6). Let l = -3 + 4. What is the highest common divisor of l and h?
1
Let o = 151 + -102. Suppose 4*s + 0*s = 28. What is the highest common divisor of o and s?
7
Suppose -2*h - 9 = -f + 15, 0 = 3*f + 4*h - 32. Suppose w + 3 = -18. Let s be w/(-6)*8/14. Calculate the highest common factor of s and f.
2
Let k(v) = v - 3. Let g be k(4). Suppose 2*p = -g + 3. Let w be 3/((-6)/(-398)) - p. Calculate the highest common factor of w and 18.
18
Suppose -2*g - 5*d = 11 - 59, -3*g + d + 72 = 0. Suppose -5*s - 23 = -83. Calculate the highest common factor of g and s.
12
Let a(w) = -w. Let y be a(-12). What is the highest common divisor of y and 12?
12
Let c(r) = r**2 + r - 2. Let s be c(-2). Let v = s - -9. What is the greatest common divisor of 18 and v?
9
Suppose 0*y + 3*v - 14 = -2*y, -36 = -4*y - 4*v. Let x = y - 0. What is the highest common divisor of x and 52?
13
Let q be 51 + (0 + -3)*1. Suppose 0 = 3*y + 2*y - 30. What is the highest common factor of q and y?
6
Let d be 2/3 - (-76)/(-6). Let q = 2 + d. Let t(n) = -6*n - 12. Let w be t(q). What is the greatest common divisor of w and 6?
6
Let m be 31 + 2*(-2 + 3). What is the highest common factor of 22 and m?
11
Suppose -4*b = -23 - 37. Calculate the highest common factor of b and 165.
15
Let f = 25 - -9. What is the greatest common factor of f and 17?
17
Let l = -203 - -347. Suppose -48 + l = 2*j. What is the highest common divisor of j and 12?
12
Suppose -5*v = -250 - 170. Calculate the highest common divisor of v and 56.
28
Suppose -3*h - h = -16. Suppose -3*x = -h*k - 493, k = -2*x - 0*x + 347. What is the highest common divisor of x and 19?
19
Let k be 3/5 + 156/15. Let y = k + -7. What is the highest common factor of 4 and y?
4
Let o = -15 + 21. Let u = 185 - 143. What is the greatest common factor of o and u?
6
Let d = 29 + -19. Let o = -2 - -13. Let a = o - d. Calculate the highest common divisor of 11 and a.
1
Suppose -6*o + 12 = -2*o. Suppose o*b - 4*d + 13 = 0, b + 8 = -d + 6*d. Let l be (6/(-1))/b*10. Calculate the highest common factor of 20 and l.
20
Let y = 286 + -146. What is the greatest common divisor of y and 28?
28
Suppose -72 = m - 7*m. What is the highest common divisor of m and 3?
3
Let u(l) = -l**3 + 13*l**2 - 8*l + 17. Let t be u(11). Let w(n) = -2*n + 7. Let v be w(-6). Calculate the highest common divisor of v and t.
19
Let m(t) be the first derivative of 13/2*t**2 - 10*t + 1/4*t**4 - 11/3*t**3 - 2. Let j be m(10). Calculate the greatest common factor of 5 and j.
5
Let l = -149 - -83. Let u = 143 + l